{"id":6974,"date":"2014-07-21T09:09:09","date_gmt":"2014-07-21T07:09:09","guid":{"rendered":"http:\/\/citmax.de\/?page_id=6974"},"modified":"2016-05-12T10:13:39","modified_gmt":"2016-05-12T08:13:39","slug":"citmax-werbemastenwerbetuerme","status":"publish","type":"page","link":"https:\/\/citmax.de\/?page_id=6974","title":{"rendered":"Citmax-Werbemasten\/Werbet\u00fcrme"},"content":{"rendered":"<p id=\"cc-m-header-7289726284\"><strong>Willkommen beim gr\u00f6\u00dftem Online-Anbieter von Werbemasten, die Citmax in Kooperation mit www.werbeturm24.de anbietet, europaweit herstellt und montiert.<br \/>\n<\/strong>Von citmax erhalten Sie alle Angebote, Planungen und Bauleistungen f\u00fcr Ihren Werbemast aus einer Hand!<strong><br \/>\n<\/strong>Jetzt weiter lesen oder direkt zur webseite:\u00a0<a title=\"Hier kommen Sie zu unserer umfangreichen Werbemast und Werbeturm-webseite.\" href=\"https:\/\/www.werbeturm24.de\" target=\"_blank\">www.werbeturm24.de<br \/>\n<\/a>alle Preise finden Sie bei <a title=\"Hier finden Sie alle Werbemastpreise \u00fcbersichtlich zu Topp-Konditionen.\" href=\"https:\/\/www.shopy24.de\/hier-der-\u00fcberblick\/werbeturm24-de\/\" target=\"_blank\">www.shopy24.de &#8211; dort unter werbeturm24.de<\/a><\/p>\n<div id=\"cc-m-7308187584\">\n<p><strong>Umfassende Beratungsleistung, unabh\u00e4ngig, fair und neutral,&#8230; wo bekomme ich die richtigen Informationen her? Ganz einfach: vom Profi !<br \/>\n<\/strong><strong>Werbemastplanung &#8211; Werbeturm-Realisierung &#8211; Werbemastfertigung &#8211; Werbeturmbau, alles aus einer Hand.<br \/>\n<\/strong>Seit 1984 ist Citmax erfahrener Produzent und Spezialist f\u00fcr Gro\u00dfwerbe- und Aussenwerbeanlagen die wir europaweit ausliefern und montieren.<\/p>\n<\/div>\n<div id=\"cc-m-7308213584\">\n<p>Mit diesem know how bietet citmax den Vorteil, das Sie von unserem technischen Fachbetrieb unabh\u00e4ngig und kompetent bei einer Werbemastplanung beraten und betreut werden, die Leistungen aus einer Hand bekommen und bis zur Montage einen erfahrenen Ansprechpartner haben.<\/p>\n<\/div>\n<div id=\"cc-m-7308224284\">\n<p>Citmax erstellt Ihnen das richtige und passende Angebot! Sie sagen uns was Ihr Endziel ist und wir beraten Sie fair und umfassend und begleiten Sie \u00fcber die gesamte Bauphase von der Antragsstellung bis zu \u00dcbergabe Ihres Werbemastes.<\/p>\n<\/div>\n<div id=\"cc-m-7308443384\">\n<p>Bei einem Werbemast spielt die oben aufgesetzte Werbeanlage in der Mastkrone sp\u00e4ter die wichtigste Rolle! Und genau dieses Bauteil wird bei Citmax in Eigenproduktion hergestellt. Bei der Kalkulation des Werbemastes und deren Gesamtkosten spielt die Werbeanlage eher eine untergordnete Kostenstelle, denn die finale Gesamtsumme setzt sich aus diversen Positionen zusammen, die wir gemeinsam mit Ihnen bei der Projektierung optimieren und vorab hier kurz aufz\u00e4hlen m\u00f6chten:<\/p>\n<p>Um ein Werbemastprojekt \u00fcberhaupt wirtschaftlich berechnen und vorausschauend planen zu k\u00f6nnen, habe wir nachfolgend zur \u00dcbersicht diverse Werbemasten vorkalkuliert, und zwar incl. aller oben beschriebenen Leistungen\u00a0f\u00fcr fix und fertig montierte Werbemasten. Wir empfehlen, damit wir eine kompetente Vorplanung und intensive Beratung und Aufkl\u00e4rung geben k\u00f6nnen, unsere g\u00fcnstigen Planungspakete zu buchen. Damit erreichen Sie Planungssicherheit und vor allen Dingen haben Sie so die Gew\u00e4hrleistung das Ihr Bauprojekt in allen Komponenten optimal abgestimmt und zum bestm\u00f6glichen Preis realisiert wird.<br \/>\nHier ein kleiner Ausschnitt der notwendigen Dienstleistungen und Arbeitsschritte:<br \/>\n&#8211; Beratung durch den Mastbauer, einen Architekten oder Bauingenieurb\u00fcro<br \/>\n&#8211; Vorplanung mit VorOrt-Besichtigung und Begehung des maststandortes<br \/>\n&#8211; erste Zeichnungen und Skizzen zur Werbemastkrone und Ausf\u00fchrung<br \/>\n&#8211; bauliche Gegebenheit ber\u00fccksichtigen und Masth\u00f6he konkretisieren<br \/>\n&#8211; erweitertes Vorlayout mit Grafik\/Darstellung der Werbefl\u00e4che<br \/>\n&#8211; pr\u00fcfen der Sichtbarkeit der Werbefl\u00e4che, Lesbarkeit der Beschriftung<br \/>\n&#8211; Gr\u00f6\u00dfenbestimmung der Mastkrone, Ausrichtung der Werbefl\u00e4che<br \/>\n&#8211; Einsehbarkeit pr\u00fcfen zu den Hauptverkehrsstrassen<br \/>\n&#8211; Vorgespr\u00e4che Bauamt und einsehen des B-Planes<br \/>\n&#8211; ggf. ausloten der Sondernutzungsrechte und Einleiten Genehmigungsverfahren<br \/>\n&#8211; Erstellen einer Maststatik,<br \/>\n&#8211; Berechnung Stahlbaustatik u. Mastkrone,<br \/>\n&#8211; Ermitteln der\u00a0Stahltr\u00e4ger, Werkszeichnungen erstellen<br \/>\n&#8211; Bauantragsstellung beim \u00f6rtlichen Bauamt<br \/>\n&#8211; Auflagen der Strassenverkehrsbeh\u00f6rde Vorschriften kl\u00e4ren<br \/>\n&#8211; Grenzabst\u00e4nde und Auflagen einhalten<br \/>\n&#8211; Bodengutachten anfordern, Fundamentberechnung,<br \/>\n&#8211; dann Ausschachtung, ggf. Bodenaufbesserung<br \/>\n&#8211; ggf. Pfahlgr\u00fcndung beim Fundament<br \/>\n&#8211; erstellen Bewehrungsplan f\u00fcr den finalen Fundamentbau<br \/>\n&#8211; Stahlbau aller Konstruktionsteile, Mast &#8211; und Mastkrone<br \/>\n&#8211; Feuerverzinkung, ggf. alternativ Auswahl eines Schleuderbetonmastes<br \/>\n&#8211; ggf. Mastkonstruktion als Gittermast bauen<br \/>\n&#8211; optische Vor-\/Nachteile abw\u00e4gen, Mastkrone ggf. Begehbar f\u00fcr Wartungsarbeiten, &#8211; Werbefl\u00e4chenherstellung als Schild, beleuchtet oder<br \/>\n&#8211; als Leuchttransparent mit Leuchtstoffr\u00f6hren oder mit LED-Ausleuchtung,<br \/>\n&#8211; Elt. Zuleitung kl\u00e4ren, Absicherung, Montagesituation, ..<br \/>\n&#8211; Befahrbarkeit f\u00fcr Schwerlasttransport\/Anlieferung Mast mit Sattelzug<br \/>\n&#8211; Zuwegung, Absicherung, Kran f\u00fcr Maststellung, Hubsteiger<br \/>\n&#8211; Installationsarbeiten am Mast sowie final, f\u00fcr alle Komponenten<br \/>\n&#8211; die richtige knowhow-Kompetenz haben, um die richtigen Entscheidungen zu f\u00e4llen<br \/>\n&#8211; \u00a0&#8230; und und und.<br \/>\nDas Thema Werbemastbau ist umfangreich und nicht zu untersch\u00e4tzen!<br \/>\nCitmax hat know how und weis wie es geht.<\/p>\n<\/div>\n<div id=\"cc-m-7308451584\">\n<p>Und genau da f\u00e4ngt unser Aufgabengebiet an, Sie bei allen anstehenden Fragen schon von Anfang an umfassend zu informieren, welche Komponenten f\u00fcr Ihre Werbemastrealisierung wichtig sind und welche Auswahl anzubahnen ist.<\/p>\n<p><strong>Ihr Citmax-Team freut sich auf Ihre Werbemast-Anfrage.<\/strong><\/p>\n<p>Mit unserem Planungspaket erhalten Sie einen Scout und Ansprechpartner der<br \/>\nIhr Werbemastprojekt optimiert und kosteng\u00fcnstig realisiert! Sprechen Sie uns an,<\/p>\n<p>wir beraten Sie gern!<\/p>\n<\/div>\n","protected":false},"excerpt":{"rendered":"<p>Willkommen beim gr\u00f6\u00dftem Online-Anbieter von Werbemasten, die Citmax in Kooperation mit www.werbeturm24.de anbietet, europaweit herstellt und montiert. Von citmax erhalten [&hellip;]<\/p>\n","protected":false},"author":1,"featured_media":0,"parent":0,"menu_order":0,"comment_status":"closed","ping_status":"closed","template":"","meta":{"footnotes":"","_links_to":"","_links_to_target":""},"class_list":["post-6974","page","type-page","status-publish","hentry","no-featured-image"],"_links":{"self":[{"href":"https:\/\/citmax.de\/index.php?rest_route=\/wp\/v2\/pages\/6974","targetHints":{"allow":["GET"]}}],"collection":[{"href":"https:\/\/citmax.de\/index.php?rest_route=\/wp\/v2\/pages"}],"about":[{"href":"https:\/\/citmax.de\/index.php?rest_route=\/wp\/v2\/types\/page"}],"author":[{"embeddable":true,"href":"https:\/\/citmax.de\/index.php?rest_route=\/wp\/v2\/users\/1"}],"replies":[{"embeddable":true,"href":"https:\/\/citmax.de\/index.php?rest_route=%2Fwp%2Fv2%2Fcomments&post=6974"}],"version-history":[{"count":4,"href":"https:\/\/citmax.de\/index.php?rest_route=\/wp\/v2\/pages\/6974\/revisions"}],"predecessor-version":[{"id":20809,"href":"https:\/\/citmax.de\/index.php?rest_route=\/wp\/v2\/pages\/6974\/revisions\/20809"}],"wp:attachment":[{"href":"https:\/\/citmax.de\/index.php?rest_route=%2Fwp%2Fv2%2Fmedia&parent=6974"}],"curies":[{"name":"wp","href":"https:\/\/api.w.org\/{rel}","templated":true}]}}