{"id":787,"date":"2013-09-27T11:19:54","date_gmt":"2013-09-27T09:19:54","guid":{"rendered":"http:\/\/citmax.de\/?page_id=762"},"modified":"2023-09-21T15:26:50","modified_gmt":"2023-09-21T13:26:50","slug":"ueber-uns","status":"publish","type":"page","link":"https:\/\/citmax.de\/?page_id=787","title":{"rendered":"\u00dcber uns"},"content":{"rendered":"<h1>Das Team:<\/h1>\n<div>\n<p>Das citmax.de-Team ist eine\u00a0Division der\u00a0<a title=\"Wir liefern Ideen und produzieren Ihre erfolgreiche Werbung!\" href=\"https:\/\/www.idee-produktion.de\/\" target=\"_blank\" rel=\"noopener\">idee-produktion.de<\/a>\u00a0GmbH die\u00a0seit 1989\u00a0eine Unternehmung der\u00a0langwost.de Unternehmensgruppe ist.\u00a0Werbetechnik f\u00fcr Kollegen\u00a0und Werbeagenturen. Alle Produkte\u00a0sind leicht verst\u00e4ndlich beschrieben.<br \/>\nSie erreichen uns am Besten \u00fcber\u00a0info@citmax.de<br \/>\noder unter\u00a0der 24\/7 Hotline: 0511\/9200 000.<\/p>\n<p>Nebenstehend ein \u00dcberblick weiterer Divisionen unserer Firmen, Produktionen und Netzwerkstruktur. Vorab Infos der vergangenen 35 Jahre der langwost.de Unternehmensgruppe.<\/p>\n<p>Der Dipl. Kommunikationswirt und Werbetechniker Peter Langwost gr\u00fcndete am 01.10.1984\u00a0 eine Kombination aus Werbeagentur \u2013 Werbetechnik\u00a0 bis hin zur Unternehmensberatung in den Fachbereichen Kommunikation, Verkaufsf\u00f6rderung, Marketing und Networking bis zum heutigen Internet. Ziel war es, ganzheitliche Werbekonzepte zu entwicklen &#8211; von der Idee bis zur Produktion &#8211;<br \/>\nf\u00fcr gewerbliche Unternehmungen\u00a0ganzheitliche Erfolgsl\u00f6sungen zu realisieren.\u00a0Mit Erfahrung und know how wurden in\u00a0den letzten Jahrzehnten namhafte regionale\u00a0und \u00fcberregionale Kunden gewonnen,\u00a0die noch heute, vom entwickelten\u00a0Logodesign, den entwickelten Konzepten\u00a0bis zu den werbetechnischen\u00a0Produktionsl\u00f6sungen profitieren.\u00a0Die Unternehmensgruppe ist u.a. im\u00a0Immobilienbereich mit diversen Projekten\u00a0aktiv. In den vergangenen Jahren\u00a0wurden u.a. eine Stiftung gegr\u00fcndet und\u00a0Beteiligungen gekauft.\u00a0Daraus erstand die heutige\u00a0<a title=\"Unternehmensgruppe - Konzeptionen f\u00fcr Erfolgsl\u00f6sungen.\" href=\"https:\/\/www.langwost.de\/\" target=\"_blank\" rel=\"noopener\">langwost.de Unternehmensgruppe<\/a>\u00a0.<\/p>\n<h1>Wer ist i- -p?<\/h1>\n<div>\n<p>Die\u00a0<a title=\"Wir liefern Ideen + produzieren Ihre erfolgreiche Werbung.\" href=\"https:\/\/www.idee-produktion.de\/\" target=\"_blank\" rel=\"noopener\">idee-produktion.de<\/a>\u00a0GmbH \u00a0ist die\u00a0Produktionsfirma der\u00a0langwost Unternehmensgruppe und hat\u00a0Ihren Sitz in Garbsen nahe Hannover.\u00a0Sie entwickelt, produziert, liefert und\u00a0montiert technische Werbung.\u00a0Es werden Unternehmensbereiche in\u00a0der GmbH in Divisionen aufgebaut und zu\u00a0eigenst\u00e4ndigen Unternehmungen gef\u00fchrt.\u00a0Die informativen Webseiten erreichen<br \/>\nSie \u00fcber die Kurzform\u00a0<a title=\"Wir liefern Ideen + produzieren Ihre erfolgreiche Werbung.\" href=\"https:\/\/www.i--p.de\/\" target=\"_blank\" rel=\"noopener\">www.i\u2013p.de<\/a>\u00a0,<br \/>\n\u00fcber\u00a0<a title=\"Wir liefern Ideen + produzieren Ihre erfolgreiche Werbung.\" href=\"https:\/\/www.idee-produktion.org\/\" target=\"_blank\" rel=\"noopener\">idee-produktion.org<\/a>,<br \/>\n\u00fcber\u00a0<a title=\"Wir liefern Ideen + produzieren Ihre erfolgreiche Werbung.\" href=\"https:\/\/www.idee-produktion.net\/\" target=\"_blank\" rel=\"noopener\">idee-produktion.net<\/a>,<br \/>\n\u00fcber\u00a0<a title=\"Wir liefern Ideen + produzieren Ihre erfolgreiche Werbung.\" href=\"https:\/\/www.idee-produktion.info\/\" target=\"_blank\" rel=\"noopener\">idee-produktion.info<\/a>\u00a0und<br \/>\n\u00fcber\u00a0<a title=\"Wir liefern Ideen + produzieren Ihre erfolgreiche Werbung.\" href=\"https:\/\/www.idee-produktion.com\/\" target=\"_blank\" rel=\"noopener\">idee-produktion.com<\/a>.<br \/>\nDas Unternehmen ist mittlerweile\u00a0europaweit t\u00e4tig und verkn\u00fcpft\u00a0Produktionsstandorte und Zulieferbetriebe\u00a0aus Osteuropa und Asien mit den\u00a0regionalen und \u00fcberregionalen Markt und\u00a0bietet ganzheitliche Erfolgsl\u00f6sungen an.<\/p>\n<p>Kunden und Interessenten kommen aus\u00a0ganz Europa: Filialengruppen,\u00a0Handelsunternehmen, Agenturen,\u00a0Handwerk-, Industrie- und\u00a0Dienstleistungsunternehmungen, die\u00a0konzeptionelle als auch ganzheiltiche\u00a0werbetechnische L\u00f6sungen suchen.\u00a0Es werden u.a. werbetechnische<br \/>\nAnlagen gestaltet und produziert, aber\u00a0auch Innovationen entwickelt und der<br \/>\nWerbebranche, den wiederverkaufenden\u00a0Kollegen und dem Endkunden im<br \/>\nDirektvertrieb und in online-Shops\u00a0zur Verf\u00fcgung gestellt.<\/p>\n<p>Insgesamt wurden bis heute 18 Division-\u00a0Marken realisiert, die zu eigenst\u00e4ndigen<br \/>\nGesch\u00e4ftsmodellen gef\u00fchrt werden.\u00a0Desweiteren entsteht ein suche-profi.de<br \/>\n-Netzwerk der Werbe- + Marketing-\u00a0Branche und bietet sp\u00e4ter f\u00fcr jede Art<br \/>\nvon Werbeunternehmen eine Dachmarke.<\/p>\n<h1>Divisionen<\/h1>\n<p><a title=\"Bauschilder schnell und g\u00fcnstig mieten.\" href=\"https:\/\/www.bauschild-miete.de\/\" target=\"_blank\" rel=\"noopener\">bauschild-miete.de<\/a>\u00a0\u00a0 Bauschilder- und\u00a0Werbeschildgestelle f\u00fcr kurzfristigen\u00a0Einsatz die wir bundesweit ausgeliefern.\u00a0Online finden Sie Preise von \u00fcber 100\u00a0Modellen in allen Gr\u00f6\u00dfen\/Formaten.\u00a0Ideal f\u00fcr Architekten, Baufirmen oder\u00a0Bauherren. Schnelle Preis\u00fcbersicht.\u00a0Wir liefern sofort, bauen bundesweit auf.<\/p>\n<p><a title=\"Business-Textilien f\u00fcr Handwerk, Handel, Freizeit und Beruf.\" href=\"https:\/\/www.busitex.de\/\" target=\"_blank\" rel=\"noopener\">busitex.de<\/a>\u00a0ist ein Online-Shop f\u00fcr Textilien,\u00a0Berufsbekleidung, Freizeit- und\u00a0Sportkleidung wie T-Shirts, SweatShirts,\u00a0Jacken, Arbeitskleidung, Taschen,\u00a0Schirme, Caps und Montagekleidung\u00a0f\u00fcr gewerbliche Arbeiter,\u00a0Handwerker, Promotoren,\u00a0 u.v.m.<\/p>\n<p><a title=\"Das freistehende Schildsystem.\" href=\"https:\/\/www.citmax.de\/\" target=\"_blank\" rel=\"noopener\">citmax.de<\/a>\u00a0 Werbetechnik f\u00fcr Kollegen\u00a0und Werbeagenturen. Alle Produkte\u00a0sind leicht verst\u00e4ndlich beschrieben.\u00a0Sie k\u00f6nnen online sofort Produkte\u00a0und Sonderleistungen kalkulieren.<\/p>\n<p><a title=\"Das riesige modulare Werbewandsystem.\" href=\"https:\/\/www.maxiwall.de\/\" target=\"_blank\" rel=\"noopener\">maxiwall.de<\/a>\u00a0\u00a0 ist die gr\u00f6\u00dfte, freistehende\u00a0Gro\u00dffl\u00e4chenmotivwand die es in den\u00a0Breiten 6.0m, 12.0m, 18.0m und 24.0m\u00a0gibt. Jeweils bis zu 20,8m H\u00f6he.\u00a0Das durch Container stapelbare und\u00a0durch uns entwickelte und statisch\u00a0gepr\u00fcfte Gro\u00dfwand-Werbe-System.<\/p>\n<p><a href=\"https:\/\/www.pylone24.de\/\">pylone24.de<\/a>\u00a0\u00a0ist Deutschlands gro\u00dfes\u00a0Online-Portal mit \u00fcber 600 vorkalkulierten\u00a0Pylonvarianten. Alle Pylonmodelle werden\u00a0schnell und kosteng\u00fcnstig nach\u00a0vorhandener Systemstatik\u00a0produziert und\u00a0bundesweit ausgeliefert und von\u00a0erfahrenen Monteuren montiert.\u00a0Von der Bauantragsstellung bis zur\u00a0Montage erhalten Sie alles aus einer Hand.<\/p>\n<p><a title=\"Der Online-Dienstleister f\u00fcr virtuelles Verkaufen.\" href=\"https:\/\/www.redax24.de\/\" target=\"_blank\" rel=\"noopener\">redax24.de<\/a>\u00a0 bietet fertige Systeml\u00f6sungen,\u00a0\u00fcbersichtliche Homepage-Pakete f\u00fcr klein-\u00a0und mittelst\u00e4ndige Unternehmen.\u00a0Pflegeleichten CMS-webseiten, moderne\u00a0Design-Templates f\u00fcr einfache,\u00a0unternehmerfreundliche Anwendung.<\/p>\n<p><a title=\"Das gro\u00dfe Werbeanh\u00e4nger-Info Portal.\" href=\"https:\/\/www.werbeanhaenger.com\/\" target=\"_blank\" rel=\"noopener\">werbeanhaenger.com<\/a>\u00a0\u00a0 das gr\u00f6\u00dfte\u00a0Werbeanh\u00e4nger-Vermietungsportal.\u00a0Hier erhalten Sie alle Infos, Tipps und\u00a0M\u00f6glichkeiten \u00fcber\u00a0Werbeanh\u00e4nger.\u00a0Es gibt \u00fcber 8 Werbeanh\u00e4ngermodelle.\u00a0Vom Druck der Werbefl\u00e4che bis zur\u00a0Auslieferung zum Aufstellort\u00a0finden Sie\u00a0hier online buchbare Systeml\u00f6sungen.<\/p>\n<p><a title=\"Deutschlands gro\u00dfes Werbemast-Info-Portal.\" href=\"https:\/\/www.werbeturm24.de\/\" target=\"_blank\" rel=\"noopener\">werbeturm24.de<\/a>\u00a0\u00a0ist Deutschlands\u00a0gro\u00dfes Infoportal f\u00fcr Werbemasten\u00a0von 7,5 bis 50,0m mit \u00fcber 4.000\u00a0vorkalkulierten\u00a0Mastvarianten.\u00a0Ideal f\u00fcr Architekten, Baufirmen und\u00a0Bauherren, denn hier finden sie schnell\u00a0und \u00fcbersichtlich f\u00fcr nahezu\u00a0jede\u00a0Werbemastvariante einen Angebotspreis.\u00a0Von der Projektierung, der Mastgestaltung,\u00a0dem Bauantrag,\u00a0der Bodenuntersuchung\u00a0und der Maststatik, der Fertigung des\u00a0Stahlbaues und der Werbeanlagen bis zur\u00a0Lieferung, Montage aller Bauteile bis zur\u00a0betriebsbereiten \u00dcbergabe des Werbemastes.<\/p>\n<h1>Unternehmensbereiche:<\/h1>\n<div>\n<p><a title=\"Erstklassige Ideen, verkaufen und kaufen.\" href=\"https:\/\/www.1a-idee.com\/\" target=\"_blank\" rel=\"noopener\">1a-idee.com<\/a>\u00a0ist unsere AG die ab 2022\u00a0Beteiligungen aller Divisionen an Branchenkollegen\u00a0bereit stellt und deren Koordination verwaltet.<\/p>\n<p><a title=\"Unternehmensberatung im Fachbereich Marketing + Werbung.\" href=\"https:\/\/www.langwost.de\/\" target=\"_blank\" rel=\"noopener\">langwost.de<\/a>\u00a0Unternehmensberatung in den\u00a0Fachbereichen Marketing und\u00a0Kommunikation.\u00a0Praxisnahe, zielgerichtete Strategien f\u00fcr\u00a0erfolgreiches Verkaufen und Werben.\u00a0Mit innovativen neuen Ideen und creativen\u00a0Konzepten werden Projekte realisiert, die\u00a0von dem normalen \u00fcblichen abweichen.\u00a0Von der\u00a0Situationsanalyse des Unternehmens,\u00a0der kompetenten Beratung mit\u00a0gesetzten Zielen und neuen Wegen\u00a0bis hin zur Realisierung.\u00a0Sie erhalten die auf Ihr Unternehmen<br \/>\nangepasste L\u00f6sung und\u00a0die Umsetzung von A-Z.<\/p>\n<p><a title=\"Das innovative Home-Office-Boardinghaus an der B6. \" href=\"https:\/\/www.b6-office.de\/\" target=\"_blank\" rel=\"noopener\">b6-office.de<\/a>\u00a0bietet erstklassige, kleine,\u00a0komfortable B\u00fcros in bester Lage von\u00a0Garbsen\/Nord Hannover an, direkt an\u00a0der B6 zu erstaunlich g\u00fcnstigen Preisen!<\/p>\n<p><a title=\"Gebrauchtes, Sonderposten, Schn\u00e4ppchen- Vermittlungs-Shop.\" href=\"https:\/\/www.billig-paradies.de\/\" target=\"_blank\" rel=\"noopener\">billig-paradies.de<\/a>\u00a0wird ein Online-Shop f\u00fcr\u00a0gebrauchtes, neues, Sonderposten und\u00a0Schn\u00e4ppchen die \u00fcber einen gef\u00fchrten\u00a0Verkauf gelistet und angeboten werden.\u00a0Von der Erfassung des Verkaufsartikels,\u00a0\u00fcber das Listen im OnlineShop bis zur\u00a0Verkaufsanbahnung betreut ein SalesProfi den Artikel, den Verk\u00e4ufer und den K\u00e4ufer.\u00a0Von der Anbahnung bis zur Abrechnung.<\/p>\n<p><a title=\"Der Werbe-Shop f\u00fcr GeWERBEtreibende,\" href=\"https:\/\/www.shopy24.de\/\" target=\"_blank\" rel=\"noopener\">shopy24.de<\/a>\u00a0ist die Online-\u00dcbersicht\u00a0alle Divisions-Marken mit Kurz-Shop.Dort werden alle Werbeprodukte,\u00a0Werbedienstleistungen und Informationen\u00a0geb\u00fcndelt und mit jeweiligen Preisen\u00a0ausgezeichnet.\u00a0Einkauf auf Rechnung ist \u00fcber die\u00a0Divisionen m\u00f6glich.<\/p>\n<h1>Das Profi-Netzwerk.<\/h1>\n<p>suche-profi.de \u2013 das Werbebranchen-Netzwerk.\u00a0Hier finden Sie Profis. Hier suchen Sie Profis.\u00a0Wer hier registriert ist, der ist ein Profi!<br \/>\n<a title=\"der aufkleber-profi\" href=\"https:\/\/www.aufkleber-druck-profi.de\/\" target=\"_blank\" rel=\"noopener\">www.aufkleber-druck-profi.de<\/a><br \/>\n<a title=\"der aussenwerbung-profi\" href=\"https:\/\/www.aussenwerbung-profi.de\/\" target=\"_blank\" rel=\"noopener\">www.aussenwerbung-profi.de<\/a><br \/>\n<a title=\"der bauschild-profi\" href=\"https:\/\/www.bauschild-profi.de\/\" target=\"_blank\" rel=\"noopener\">www.bauschild-profi.de<\/a><br \/>\n<a title=\"der beschriftung-profi\" href=\"https:\/\/www.beschriftung-profi.de\/\" target=\"_blank\" rel=\"noopener\">www.beschriftung-profi.de<br \/>\n<\/a><a title=\"der bigprint-profi\" href=\"https:\/\/www.bigprint-profi.de\/\" target=\"_blank\" rel=\"noopener\">www.bigprint-profi.de<\/a><br \/>\n<a title=\"der buchstaben-profi\" href=\"https:\/\/www.buchstaben-profi.de\/\" target=\"_blank\" rel=\"noopener\">www.buchstaben-profi.de<\/a><br \/>\n<a title=\"der cms-web-profi\" href=\"https:\/\/www.cms-web-profi.de\/\" target=\"_blank\" rel=\"noopener\">www.cms-web-profi.de<\/a><br \/>\n<a title=\"der dein-werbemittel-profi\" href=\"https:\/\/www.dein-werbemittel-profi.de\/\" target=\"_blank\" rel=\"noopener\">www.dein-werbemittel-profi.de<\/a><br \/>\n<a title=\"der dekoration-profi\" href=\"https:\/\/www.dekoration-profi.de\/\" target=\"_blank\" rel=\"noopener\">www.dekoration-profi.de<\/a><br \/>\n<a title=\"der der-website-profi\" href=\"https:\/\/www.der-website-profi.de\/\" target=\"_blank\" rel=\"noopener\">www.der-website-profi.de<\/a><br \/>\n<a title=\"der digital-druck-werbe-profi\" href=\"https:\/\/www.digital-druck-werbe-profi.de\/\" target=\"_blank\" rel=\"noopener\">www.digital-druck-werbe-profi.de<\/a><br \/>\n<a title=\"der digiprint-profi\" href=\"https:\/\/www.digiprint-profi.de\/\">www.digiprint-profi.de<\/a><br \/>\n<a title=\"der directmail-profi\" href=\"https:\/\/www.directmail-profi.de\/\">www.directmail-profi.de<\/a><br \/>\n<a title=\"der directmarketing-profi\" href=\"https:\/\/www.directmarketing-profi.de\/\">www.directmarketing-profi.de<\/a><br \/>\n<a title=\"der display-werbung-profi\" href=\"https:\/\/www.display-werbung-profi.de\/\" target=\"_blank\" rel=\"noopener\">www.display-werbung-profi.de<\/a><br \/>\n<a title=\"der endlosdruck-profi\" href=\"https:\/\/www.endlosdruck-profi.de\/\">www.endlosdruck-profi.de<\/a><br \/>\n<a title=\"der etiketten-druck-profi\" href=\"https:\/\/www.etiketten-druck-profi.de\/\">www.etiketten-druck-profi.de<\/a><br \/>\n<a title=\"der fahnen-masten-profi\" href=\"https:\/\/www.fahnen-masten-profi.de\/\">www.fahnen-masten-profi.de<\/a><br \/>\n<a title=\"der formulardruck-profi\" href=\"https:\/\/www.formulardruck-profi.de\/\" target=\"_blank\" rel=\"noopener\">www.formulardruck-profi.de<\/a><br \/>\n<a title=\"Der full-service-profi.\" href=\"https:\/\/www.full-service-profi.de\/\" target=\"_blank\" rel=\"noopener\">www.full-service-profi.de<\/a><br \/>\n<a title=\"der gestaltung-profi\" href=\"https:\/\/www.gestaltung-profi.de\/\">www.gestaltung-profi.de<\/a><br \/>\n<a title=\"der giveaways-profi\" href=\"https:\/\/www.giveaways-profi.de\/\">www.giveaways-profi.de<\/a><br \/>\n<a title=\"der grafik-design-profi\" href=\"https:\/\/www.grafik-design-profi.de\/\" target=\"_blank\" rel=\"noopener\">www.grafik-design-profi.de<\/a><br \/>\n<a title=\"der handzettel-profi\" href=\"https:\/\/www.handzettel-profi.de\/\">www.handzettel-profi.de<\/a><br \/>\n<a title=\"der ideen-profi\" href=\"https:\/\/www.ideen-profi.de\/\">www.ideen-profi.de<\/a><br \/>\n<a title=\"der klebebuchstaben-profi\" href=\"https:\/\/www.klebebuchstaben-profi.de\/\">www.klebebuchstaben-profi.de<\/a><br \/>\n<a title=\"der kommunikation-profi\" href=\"https:\/\/www.kommunikation-profi.de\/\">www.kommunikation-profi.de<\/a><br \/>\n<a title=\"der konzept-profi\" href=\"https:\/\/www.konzept-profi.de\/\" target=\"_blank\" rel=\"noopener\">www.konzept-profi.de<\/a><br \/>\n<a title=\"der layout-profi\" href=\"https:\/\/www.layout-profi.de\/\">www.layout-profi.de<\/a><br \/>\n<a title=\"der led-werbung-profi\" href=\"https:\/\/www.led-werbung-profi.de\/\">www.led-werbung-profi.de<\/a><br \/>\n<a title=\"der lichtwerbe-profi\" href=\"https:\/\/www.lichtwerbe-profi.de\/\">www.lichtwerbe-profi.de<\/a><br \/>\n<a title=\"der link-profi\" href=\"https:\/\/www.link-profi.de\/\">www.link-profi.de<\/a><br \/>\n<a title=\"der logodesign-profi\" href=\"https:\/\/www.logodesign-profi.de\/\" target=\"_blank\" rel=\"noopener\">www.logodesign-profi.de<\/a><br \/>\n<a title=\"der mappen-profi\" href=\"https:\/\/www.mappen-profi.de\/\" target=\"_blank\" rel=\"noopener\">www.mappen-profi.de<\/a><br \/>\n<a title=\"der marketing-werbe-profi\" href=\"https:\/\/www.marketing-werbe-profi.de\/\" target=\"_blank\" rel=\"noopener\">www.marketing-werbe-profi.de<\/a><br \/>\n<a title=\"der megaprint-profi\" href=\"https:\/\/www.megaprint-profi.de\/\" target=\"_blank\" rel=\"noopener\">www.megaprint-profi.de<\/a><br \/>\n<a title=\"der messewerbe-profi\" href=\"https:\/\/www.messewerbe-profi.de\/\" target=\"_blank\" rel=\"noopener\">www.messewerbe-profi.de<\/a><br \/>\n<a title=\"der montage-team-profi\" href=\"https:\/\/www.montage-team-profi.de\/\" target=\"_blank\" rel=\"noopener\">www.montage-team-profi.de<\/a><br \/>\n<a title=\"der multi-media-profi\" href=\"https:\/\/www.www.multi-media-profi.de\/\" target=\"_blank\" rel=\"noopener\">www.multi-media-profi.de<\/a><br \/>\n<a title=\"der ordner-profi\" href=\"https:\/\/www.ordner-profi.de\/\" target=\"_blank\" rel=\"noopener\">www.ordner-profi.de<\/a><br \/>\n<a title=\"der plakate-profi\" href=\"https:\/\/www.plakate-profi.de\/\" target=\"_blank\" rel=\"noopener\">www.plakate-profi.de<\/a><br \/>\n<a title=\"der pointofsale-profi\" href=\"https:\/\/www.pointofsale-profi.de\/\" target=\"_blank\" rel=\"noopener\">www.pointofsale-profi.de<\/a><br \/>\n<a title=\"der poster-druck-profi\" href=\"https:\/\/www.poster-druck-profi.de\/\" target=\"_blank\" rel=\"noopener\">www.poster-druck-profi.de<\/a><br \/>\n<a title=\"der promotion-werbung-profi\" href=\"https:\/\/www.promotion-werbung-profi.de\/\" target=\"_blank\" rel=\"noopener\">www.promotion-werbung-profi.de<\/a><br \/>\n<a title=\" der prospekt-profi\" href=\"https:\/\/www.prospekt-profi.de\/\" target=\"_blank\" rel=\"noopener\">www.prospekt-profi.de<\/a><br \/>\n<a title=\"der pylon-profi\" href=\"https:\/\/www.pylon-profi.de\/\" target=\"_blank\" rel=\"noopener\">www.pylon-profi.de<\/a><br \/>\n<a title=\"der qr-profi\" href=\"https:\/\/www.qr-profi.de\/\" target=\"_blank\" rel=\"noopener\">www.qr-profi.de<\/a><br \/>\n<a title=\"der schauwerbegestalter-profi\" href=\"https:\/\/www.schauwerbegestalter-profi.de\/\" target=\"_blank\" rel=\"noopener\">www.schauwerbegestalter-profi.de<\/a><br \/>\n<a title=\"der schild-profi\" href=\"https:\/\/www.schild-profi.de\/\" target=\"_blank\" rel=\"noopener\">www.schild-profi.de<\/a><br \/>\n<a title=\"der schriften-profi\" href=\"https:\/\/www.schriften-profi.de\/\" target=\"_blank\" rel=\"noopener\">www.schriften-profi.de<\/a><br \/>\n<a title=\"der show-profi\" href=\"https:\/\/www.show-profi.de\/\" target=\"_blank\" rel=\"noopener\">www.show-profi.de<\/a><br \/>\n<a title=\"der siebdruck-profi\" href=\"https:\/\/www.siebdruck-profi.de\/\" target=\"_blank\" rel=\"noopener\">www.siebdruck-profi.de<\/a><br \/>\n<a title=\"der such-ein-profi\" href=\"https:\/\/www.such-ein-profi.de\/\" target=\"_blank\" rel=\"noopener\">www.such-ein-profi.de<\/a><br \/>\n<a title=\"der suche-beratung-profi\" href=\"https:\/\/www.suche-beratung-profi.de\/\" target=\"_blank\" rel=\"noopener\">www.suche-beratung-profi.de<\/a><br \/>\n<a title=\"der suche-druckerei-profi\" href=\"https:\/\/www.suche-druckerei-profi.de\/\" target=\"_blank\" rel=\"noopener\">www.suche-druckerei-profi.de<\/a><br \/>\n<a title=\"der suche-grafik-profi\" href=\"https:\/\/www.suche-grafik-profi.de\/\" target=\"_blank\" rel=\"noopener\">www.suche-grafik-profi.de<\/a><br \/>\n<a title=\"der suche-internet-profi\" href=\"https:\/\/www.suche-internet-profi.de\/\" target=\"_blank\" rel=\"noopener\">www.suche-internet-profi.de<\/a><br \/>\n<a title=\"der suche-werbe-profi\" href=\"https:\/\/www.suche-werbe-profi.de\/\" target=\"_blank\" rel=\"noopener\">www.suche-werbe-profi.de<\/a><br \/>\n<a title=\"der telefonkontakt-profi\" href=\"https:\/\/www.telefonkontakt-profi.de\/\" target=\"_blank\" rel=\"noopener\">www.telefonkontakt-profi.de<\/a><br \/>\n<a title=\"der textilprint-profi\" href=\"https:\/\/www.textilprint-profi.de\/\" target=\"_blank\" rel=\"noopener\">www.textilprint-profi.de<\/a><br \/>\n<a title=\"der text-foto-profi\" href=\"https:\/\/www.text-foto-profi.de\/\" target=\"_blank\" rel=\"noopener\">www.text-foto-profi.de<\/a><br \/>\n<a title=\"der umsatz-profi\" href=\"https:\/\/www.umsatz-profi.de\/\" target=\"_blank\" rel=\"noopener\">www.umsatz-profi.de<\/a><br \/>\n<a title=\"der verkaufsf\u00f6rderung-profi\" href=\"https:\/\/www.xn--verkaufsfrderung-profi-2hc.de\/\" target=\"_blank\" rel=\"noopener\">www.verkaufsf\u00f6rderung-profi.de<\/a><br \/>\n<a title=\"der verkauf-profi\" href=\"https:\/\/www.verkauf-profi.de\/\" target=\"_blank\" rel=\"noopener\">www.verkauf-profi.de<\/a><br \/>\n<a title=\"der website-profi\" href=\"https:\/\/www.website-profi.de\/\" target=\"_blank\" rel=\"noopener\">www.website-profi.de<\/a><br \/>\n<a title=\"der werbebanner-profi\" href=\"https:\/\/www.werbebanner-profi.de\/\" target=\"_blank\" rel=\"noopener\">www.werbebanner-profi.de<\/a><br \/>\n<a title=\"der werbemast-profi\" href=\"https:\/\/www.werbemast-profi.de\/\" target=\"_blank\" rel=\"noopener\">www.werbemast-profi.de<\/a><br \/>\n<a title=\"der werbemittel-druck-profi\" href=\"https:\/\/www.werbemittel-druck-profi.de\/\" target=\"_blank\" rel=\"noopener\">www.werbemittel-druck-profi.de<\/a><br \/>\n<a title=\"der werbeschilder-profi\" href=\"https:\/\/www.werbeschilder-profi.de\/\" target=\"_blank\" rel=\"noopener\">www.werbeschilder-profi.de<\/a><br \/>\n<a title=\"der werbetechnik-profi\" href=\"https:\/\/www.werbetechnik-profi.de\/\" target=\"_blank\" rel=\"noopener\">www.werbetechnik-profi.de<\/a><br \/>\n<a title=\"der werbeturm-profi\" href=\"https:\/\/www.werbeturm-profi.de\/\" target=\"_blank\" rel=\"noopener\">www.werbeturm-profi.de<\/a><\/p>\n<\/div>\n<\/div>\n<\/div>\n","protected":false},"excerpt":{"rendered":"<p>Das Team: Das citmax.de-Team ist eine\u00a0Division der\u00a0idee-produktion.de\u00a0GmbH die\u00a0seit 1989\u00a0eine Unternehmung der\u00a0langwost.de Unternehmensgruppe ist.\u00a0Werbetechnik f\u00fcr Kollegen\u00a0und Werbeagenturen. Alle Produkte\u00a0sind leicht verst\u00e4ndlich [&hellip;]<\/p>\n","protected":false},"author":1,"featured_media":0,"parent":0,"menu_order":0,"comment_status":"closed","ping_status":"closed","template":"page-fullwidth.php","meta":{"footnotes":"","_links_to":"","_links_to_target":""},"class_list":["post-787","page","type-page","status-publish","hentry","no-featured-image"],"_links":{"self":[{"href":"https:\/\/citmax.de\/index.php?rest_route=\/wp\/v2\/pages\/787","targetHints":{"allow":["GET"]}}],"collection":[{"href":"https:\/\/citmax.de\/index.php?rest_route=\/wp\/v2\/pages"}],"about":[{"href":"https:\/\/citmax.de\/index.php?rest_route=\/wp\/v2\/types\/page"}],"author":[{"embeddable":true,"href":"https:\/\/citmax.de\/index.php?rest_route=\/wp\/v2\/users\/1"}],"replies":[{"embeddable":true,"href":"https:\/\/citmax.de\/index.php?rest_route=%2Fwp%2Fv2%2Fcomments&post=787"}],"version-history":[{"count":25,"href":"https:\/\/citmax.de\/index.php?rest_route=\/wp\/v2\/pages\/787\/revisions"}],"predecessor-version":[{"id":25076,"href":"https:\/\/citmax.de\/index.php?rest_route=\/wp\/v2\/pages\/787\/revisions\/25076"}],"wp:attachment":[{"href":"https:\/\/citmax.de\/index.php?rest_route=%2Fwp%2Fv2%2Fmedia&parent=787"}],"curies":[{"name":"wp","href":"https:\/\/api.w.org\/{rel}","templated":true}]}}