{"id":840,"date":"2013-09-30T08:10:06","date_gmt":"2013-09-30T06:10:06","guid":{"rendered":"http:\/\/actionpromotion.de\/?page_id=840"},"modified":"2016-05-12T10:15:07","modified_gmt":"2016-05-12T08:15:07","slug":"projektierung","status":"publish","type":"page","link":"https:\/\/citmax.de\/?page_id=840","title":{"rendered":"Projektierung-Planung-Zubeh\u00f6r-Montage"},"content":{"rendered":"<p><span class=\"Apple-style-span\" style=\"font-size: 16px; line-height: 24px; font-weight: normal;\">Wenn Ihre ersten Gedanken sortiert sind und fest steht, das aus Ihrer Idee <\/span><span class=\"Apple-style-span\" style=\"font-size: 16px; line-height: 24px; font-weight: normal;\">nun eine\u00a0<\/span><span class=\"Apple-style-span\" style=\"font-size: 16px; line-height: 24px; font-weight: normal;\">Produktion erfolgen soll, ist es meist notwendig, sich mit der Umsetzung dieses Vorhabens n\u00e4her zu besch\u00e4ftigt. Nur dann entstehen\u00a0<\/span>Fakten und Ergebnisse wie die Realisierung aussieht und was die Umsetzung der Idee und die technischen Produktion final kosten wird.<\/p>\n<p><span class=\"Apple-style-span\" style=\"font-size: 16px; line-height: 24px; font-weight: normal;\"><strong>Nun gibt es f\u00fcr Sie 2 M\u00f6glichkeiten Ihr Projektziel zu erreichen:<\/strong><br \/>\na) Sie bearbeiten den Vorgang m\u00f6glichst selber ab, um genau zum gew\u00fcnschten Ergebnis zu\u00a0<\/span><span class=\"Apple-style-span\" style=\"font-size: 16px; line-height: 24px; font-weight: normal;\">kommen,\u00a0<\/span><span class=\"Apple-style-span\" style=\"font-size: 16px; line-height: 24px; font-weight: normal;\">sofern Sie das Wissen und die technischen Voraussetzungen daf\u00fcr haben,\u00a0<\/span><span class=\"Apple-style-span\" style=\"font-size: 16px; line-height: 24px; font-weight: normal;\">oder<br \/>\n<\/span><span class=\"Apple-style-span\" style=\"font-size: 16px; line-height: 24px; font-weight: normal;\">Sie deligieren den Job intern bei sich im Hause, in Ihrem Unternehmen, nach dem Motto &#8222;das kriegen wir schon irgendwie hin&#8230;&#8220;. \u00a0<\/span><span class=\"Apple-style-span\" style=\"font-size: 16px; line-height: 24px; font-weight: normal;\">Evtl. werden Sie dann mit eigenem KnowHow und mit\u00a0<\/span><span class=\"Apple-style-span\" style=\"font-size: 16px; line-height: 24px; font-weight: normal;\">Hilfe von google und co. brauchbare Ergebnis produzieren. V<\/span><span class=\"Apple-style-span\" style=\"font-size: 16px; line-height: 24px; font-weight: normal;\">ielleicht sind Sie auch so auf unsere webseite gestossen.\u00a0Wir helfen gern!<\/span><\/p>\n<p><strong><span class=\"Apple-style-span\" style=\"font-size: 16px; line-height: 24px;\">Bei uns werden Sie auch ohne externe Projektierung schnell in unserem\u00a0<\/span><span class=\"Apple-style-span\" style=\"font-size: 16px; line-height: 24px;\">Shop f\u00fcndig. Sie suchen sich einfach selbst zusammen was ben\u00f6tigt wird und packen die vorbereiteten\u00a0<\/span><span class=\"Apple-style-span\" style=\"font-size: 16px; line-height: 24px;\">Shop-Produkte, die alle modular aufgebaut sind, nach und nach in den Warenkorb. Das ist schnell und g\u00fcnstig!<\/span><\/strong><\/p>\n<p><span class=\"Apple-style-span\" style=\"font-size: 16px; line-height: 24px; font-weight: normal;\">oder<br \/>\nIhr Vorhaben ist doch etwas komplexer oder indvidueller, oder<br \/>\n<\/span><span class=\"Apple-style-span\" style=\"font-size: 16px; line-height: 24px; font-weight: normal;\">b) Sie wollen auf Nummer sicher gehen, Ihre wertvolle Arbeitszeit f\u00fcr wichtigeres einsetzen und die Planung und Umsetzung der Projektidee in erfahrene H\u00e4nde geben, so das Ihr Projekt nicht irgendwie entsteht, sondern auch die Zielsetzung erreicht wird, die von Ihnen gew\u00fcnscht ist!<\/span><\/p>\n<p>Dann w\u00e4re es notwendig eine externe Projektierung in Auftrag zu geben. Wir erledigen den Planungsjob, \u00a0die Vorentw\u00fcrfe, die Untersuchung der Gegebenheiten vor Ort, die baulichen Voraussetzungen und denken an alle Auflagen, die zu erf\u00fcllen sind. Das muss gar nicht mal teuer werden, dann sparen Sie nicht nur viel Zeit, sondern final auch viel Geld, denn wir wissen genau wie<br \/>\ndie technischen Anforderungen auszuf\u00fchren sind, wie die Projekte erfolgreich, schnell und wirtschaftlich zum Ziel gelangen.<br \/>\n<strong>Die Projektierungskosten sind dann sehr fix wieder eingespielt:<\/strong><br \/>\n<span class=\"Apple-style-span\" style=\"font-size: 16px; line-height: 24px; font-weight: normal;\">a) weil Ihr Projekt z\u00fcgig fertig wird<br \/>\nB) weil Sie Ihre wertvolle Arbeitszeit f\u00fcr Wichtigeres besser nutzen konnten<br \/>\nc) weil gleich von Anfang an einen Profi an Ihrer Seite die Aufgabe verbindlich l\u00f6st<br \/>\nd) weil Sie sich irgendwelche, selbst gestrickten Fehlversuche ersparen<br \/>\ne) weil Sie nichts doppelt zahlen, da das Ergebnis gleich von vorne rein passt<br \/>\nf) weil es einfach einfacher ist und Sie nur noch das Controlling machen<\/span><span class=\"Apple-style-span\" style=\"font-size: 16px; line-height: 24px; font-weight: normal;\"><br \/>\n<\/span><span class=\"Apple-style-span\" style=\"font-size: 16px; line-height: 24px; font-weight: normal;\">g) weil es gleich von vorne rein die richtige Qualit\u00e4t hat!<br \/>\n<\/span><span class=\"Apple-style-span\" style=\"font-size: 16px; line-height: 24px; font-weight: normal;\">h) weil auch die angrenzende Facharbeiten schnell und kompetent erledigt werden!<\/span><\/p>\n<p><span class=\"Apple-style-span\" style=\"font-size: 16px; line-height: 24px; font-weight: normal;\">Das erspart Ihnen<\/span><span class=\"Apple-style-span\" style=\"font-size: 16px; line-height: 24px; font-weight: normal;\">\u00a0weitere sep. Dienstleister, die Sie sonst extra hinzu buchen m\u00fcssten.<br \/>\n<strong>Bei uns bekommen Sie Ihre Idee oder eine neue optimierte Idee,<br \/>\n<\/strong><\/span><strong><span class=\"Apple-style-span\" style=\"font-size: 16px; line-height: 24px;\">die Projektierung und die Produktion nahtlos aus einer Hand!<br \/>\n<\/span><\/strong><span class=\"Apple-style-span\" style=\"font-size: 16px; line-height: 24px; font-weight: normal;\">Wirtschaftlicher und schneller geht es nicht!\u00a0<\/span><\/p>\n<p>Neugierig geworden? Dann buchen Sie doch einfach unsere<br \/>\n<strong>Kontakt-Projektierungs-Pauschale<\/strong>.<br \/>\nDann erhalten Sie sofort kompetente Beratung, gleich von Anfang an<br \/>\nund beginnen Ihr Projekt\u00a0sofort\u00a0professionell,<br \/>\nund das auch noch\u00a0zum \u00fcberschaubaren Festpreis!<\/p>\n","protected":false},"excerpt":{"rendered":"<p>Wenn Ihre ersten Gedanken sortiert sind und fest steht, das aus Ihrer Idee nun eine\u00a0Produktion erfolgen soll, ist es meist [&hellip;]<\/p>\n","protected":false},"author":2,"featured_media":0,"parent":0,"menu_order":0,"comment_status":"closed","ping_status":"closed","template":"","meta":{"footnotes":"","_links_to":"","_links_to_target":""},"class_list":["post-840","page","type-page","status-publish","hentry","no-featured-image"],"_links":{"self":[{"href":"https:\/\/citmax.de\/index.php?rest_route=\/wp\/v2\/pages\/840","targetHints":{"allow":["GET"]}}],"collection":[{"href":"https:\/\/citmax.de\/index.php?rest_route=\/wp\/v2\/pages"}],"about":[{"href":"https:\/\/citmax.de\/index.php?rest_route=\/wp\/v2\/types\/page"}],"author":[{"embeddable":true,"href":"https:\/\/citmax.de\/index.php?rest_route=\/wp\/v2\/users\/2"}],"replies":[{"embeddable":true,"href":"https:\/\/citmax.de\/index.php?rest_route=%2Fwp%2Fv2%2Fcomments&post=840"}],"version-history":[{"count":21,"href":"https:\/\/citmax.de\/index.php?rest_route=\/wp\/v2\/pages\/840\/revisions"}],"predecessor-version":[{"id":6959,"href":"https:\/\/citmax.de\/index.php?rest_route=\/wp\/v2\/pages\/840\/revisions\/6959"}],"wp:attachment":[{"href":"https:\/\/citmax.de\/index.php?rest_route=%2Fwp%2Fv2%2Fmedia&parent=840"}],"curies":[{"name":"wp","href":"https:\/\/api.w.org\/{rel}","templated":true}]}}