{"id":12549,"date":"2014-07-26T08:04:59","date_gmt":"2014-07-26T06:04:59","guid":{"rendered":"http:\/\/citmax.de\/?product=aluverbund-weiss-20mm-format-bis-75-x-100-cm"},"modified":"2015-06-10T16:58:36","modified_gmt":"2015-06-10T14:58:36","slug":"aluverbund-weiss-20mm-format-bis-75-x-100-cm","status":"publish","type":"product","link":"https:\/\/citmax.de\/?product=aluverbund-weiss-20mm-format-bis-75-x-100-cm","title":{"rendered":"Aluverbund, weiss, 2,0mm, Format bis 75 x 100 cm"},"content":{"rendered":"<p>Citmax-Tr\u00e4gertafeln sind Zuschnitte aus Gro\u00dfformattafeln die sich zur Herstellung von Kleinschilder und zur Aufnahme von Beschriftungen hervorragend eignen. Die meisten sind wetterfest (bis auf Hartfaser, nur f\u00fcr den kurzfristigen Gebrauch im Aussenbereich geeignet) da ja bekannterma\u00dfen Kunststoffe, Acryl und Aluminium nicht aufquellen und nicht rosten.<\/p>\n<p>Da die Zuschnitte aus gro\u00dfen Tafeln hergestellt werden, ergeben sich klassische Formate die wir in wirtschaftliche Gr\u00f6\u00dfen eingeteilt haben wie:<br \/>\nMiniformat bis 20x35cm, bis 35x50cm, bis 50x75cm, bis 75 x 100 cm und bis100 x 100 cm.<br \/>\nD.h., sollte Ihr Schild gew\u00fcnscht 32 x 40 cm werden, schauen Sie bitte in der Kategorie bis 35 x 50 cm.<br \/>\n<a title=\"Hier gehts zu den Gro\u00dfformattafeln\" href=\"https:\/\/citmax.de\/?product_cat=traegerplatten-fuer-grossformate-ab-1qm\" target=\"_blank\">Gro\u00dfformatige Schilder ab 1qm Tr\u00e4gertafeln finden Sie hier.<\/a><\/p>\n<p><strong>Anwendungs- Materialbeschreibung:<\/strong><br \/>\n3mm gesch\u00e4umter Kunststoff eignet sich f\u00fcr einfache, kurzfristige Anwendungen, z.B. als Deckenh\u00e4nger, Kleinschilder die keine hohe Verwindungssteifigkeit ben\u00f6tigen und m\u00f6glichst leicht sein sollen. F\u00fcr den Aussenbereich sind sie nur bedingt einsatzf\u00e4hig, da sehr sensibel und ggf. zu d\u00fcnn,\u00a0sofern Witterungseinfl\u00fcsse massiv einwirken.\u00a0Besser w\u00e4ren dann 5mm oder gar 10mm Kunststofftr\u00e4ger. Grunds\u00e4tzlich ist die Haltbarkeit im Aussenbereich auf ein paar Jahre begrenzt, da Kunststoffe bekannterma\u00dfen aush\u00e4rten und spr\u00f6de werden. Auch Temparaturunterschiede beeinflussen Kunststoffe, so das gr\u00f6\u00dfere Schilder sich ausdehnen, verziehen oder sich gar wellen k\u00f6nnen.\u00a0F\u00fcr viele Kleinschilder ist Kunststoff als Tr\u00e4germaterial durchaus ausreichend.<\/p>\n<p>Acrylglas ist im Vergleich zum gesch\u00e4umten Kunststoff witterungsbest\u00e4ndiger, aber wesentlich spr\u00f6der. Die Oberfl\u00e4che von Acryl ist glatt, gl\u00e4nzend, l\u00e4st sich hervorragend beschriften und die Kanten lassen sich optional polieren, so das dieses ebenso gl\u00e4nzen. Acrylglas wird dort verwendet, wo eine Hinterleuchtung geplant ist, oder ein hochwertiges Schild gefordert wird. Bitte bedenken Sie, das Acrylglas, wie der Name es schon verr\u00e4t, glas\u00e4hnlichen Charakter hat, also bei starker Beanspruchung brechen kann, insbesondere bei Frost oder bei schlagartigen Kontakten. Dennoch ist Acryl eine hochwertige Alternative zu Kunststoff. Wenn Ihr Schild hochtransparent sein soll, hinterleuchtet wird, oder einfach nur edel aussehen soll, dann ist Acrylglas die richtige Wahl. Acrylglas erhalten Sie in opal weiss (weiss transluzent), in deckenden Hochweiss oder glasklar-transparent in diversen Dicken von 2 bis 30 mm. Auch eingef\u00e4rbtes Acrylglas in nahezu allen Farben lieferbar, jedoch meist in 3mm mit Aufpreis erh\u00e4ltlich. Achtung, bei farbigen Acrylglas sind Abnahmemengen von mind. 6 qm notwendig, da immer Gro\u00dfformattafeln aufgeschnitten werden.<br \/>\nDie meist verwendeten Acrylarten haben wir zusammengestellt, Sonderl\u00f6sungen<br \/>\nbitte sep. per mail unter <a href=\"mailto:info@citmax.de\">mailto:info@citmax.de<\/a>\u00a0anfragen.<\/p>\n<p>Aluverbundtafeln sind d\u00fcnne Kunststofftafeln, die beidseitig eine d\u00fcnne Aluschicht als Verbund aufgepresst haben. Dadurch erreicht das Material trotz der geringen Dicke eine extreme Steifigkeit und ist hervorragend f\u00fcr den Ausseneinssatz geeignet. F\u00fcr innen sowieso. Aluverbund ist beidseitig weiss hochwertig beschichtet, wetterfest, formstabil, klasse zu beschriften, gut im Zuschnitt und in der Weiterverarbeitung. Aluverbund wird meist f\u00fcr Gro\u00dfschilder genommen, aber auch Kleinschilder lassen sich sehr gut daraus herstellen und sind extrem lange haltbar.<br \/>\nDas sind die Gr\u00fcnde warum Aluverbund bei der Schildauswahl auf Platz 1 landet.<br \/>\nDie Kanten von den Aluverbundtafeln sind schwarz.<\/p>\n<p>Vollaluminiumschilder bestehen aus reinem Aluminium, die Oberfl\u00e4che ist Alunatur-silber und die Zuschnitte sind ebenso wetterfest. Jedoch muss das Aluminium foliert, lackiert oder beschichtet werden. Es sind auch bereits weiss oder silber eloxal beschichtete Tafeln erh\u00e4ltlich, jedoch sind sie deutlich hochpreisiger als die oben genannten Werbetr\u00e4ger, da der Grundwerkstoff Aluminium sowie die dazugeh\u00f6rige Verarbeitung hochpreisiger und zeitintensiver ist. Aluminiumtafeln werden meist f\u00fcr abgekantete und nachtr\u00e4glich lackierte Schilder\/Werbeblenden oder auch besonders robuste Unikatschilder verwendet.<br \/>\nVollaluminiumschilder sind eine hochpreisige Alternative zu Aluverbund. Alle Individualschilder m\u00fcssen sep. kalkuliert werden, senden Sie uns bitte dazu f\u00fcr Ihre Anfrage eine email an <a href=\"mailto:info@citmax.de\">mailto:info@citmax.de<\/a>.<\/p>\n<p>Hier die Gro\u00dfformat-Tafelma\u00dfe aus denen obige Schildtafeln zugeschnitten werden:<br \/>\n200 x 100 cm Bezeichnung &#8222;Kleinformat&#8220; (auch 205 x 100 cm)<br \/>\n250 x 125 cm Bezeichnung &#8222;Mittelformat&#8220; (auch 255 x 122 cm)<br \/>\n300 x 150 cm Bezeichnung &#8222;Gro\u00dfformat&#8220; (auch 305 x 150 cm)<br \/>\n400 x 150 cm, Sondergro\u00dfformat, nur f\u00fcr Aluverbund<br \/>\nAcryltafeln und manche Kunststoffsorten gibt es auch im Gro\u00dfformat<br \/>\n305 x 205 cm. \u00a01:1 werden die Tafeln selten eingesetzt, da meist zu unhandlich und zu\u00a0schwer zu transportieren oder zu montieren.<\/p>\n<p>Bedrucken und Beschriften lassen sich alle Werbeschilder. Hierbei unterscheiden wir<br \/>\na) die Beschriftung mit Plottbuchstaben, also einzeln aus Folie geschnittene Buchstaben die\u00a0dann auf das Schild aufgeklebt werden, oder<br \/>\nb) der Druck auf Folie, die dann auf die ausgew\u00e4hlte Tafel, auf dem Werbetr\u00e4ger aufgezogen wird.<\/p>\n<p>Citmax-Drucke f\u00fcr den Ausseneinsatz sind UV-und witterungsbest\u00e4ndig\u00a0und f\u00fcr langfristige Anwendungen geeignet. Die Gew\u00e4hrleistungszeit betr\u00e4gt 2 Jahre. Bei einigen hochwertigen Beschriftungen sind auch l\u00e4ngere Gew\u00e4hrleistungszeiten m\u00f6glich, die Sie gerne gesondert\u00a0vereinbaren k\u00f6nnen.<\/p>\n<p>Die Bedruckungen der Folien erfolgen meist auf 4-Farb-Druckmaschinen, daher auch die Kurzbezeichnung 4c (4 colors) in den 4-Grundfarben (&#8222;cmyk&#8220; genannt) die in Druckereien \u00fcblich sind (cyan, magenta, yellow, cool = schwarz).<br \/>\nDie Bedruckung\/Beschriftung erfolgt immer 1-seitig, auch 2-seitige Beschriftungen sind optional m\u00f6glich.<\/p>\n<p>Bitte senden Sie uns eine druckfertige .pdf-Datei, Schriften in Pfade\/Kurven gewandelt.<br \/>\nAuch hochaufl\u00f6sende jpg. Dateien sind m\u00f6glich.<br \/>\nOffene Dateien verarbeiten wir nicht, es sei denn, Sie bestellen\u00a0\u00fcber\u00a0<a title=\"Projekt erstellen, Daten vorbereiten, hier buchen.\" href=\"https:\/\/citmax.de\/?product_cat=planung-und-grafik\" target=\"_blank\">&#8222;Projektierung&#8220;<\/a>\u00a0die gesonderte Datenverarbeitung hinzu.<br \/>\nSollten Sie keine\u00a0<a title=\"Buchen Sie hier Ihre Druckdatenerstellung.\" href=\"https:\/\/citmax.de\/?product_cat=druckdaten-pruefen-und-erzeugen\" target=\"_blank\">Druckdaten erzeugen<\/a>\u00a0k\u00f6nnen erstellen wir f\u00fcr Sie gerne die Entw\u00fcrfe, alle Korrekturen und auch die passenden Druckdaten. Dies k\u00f6nnen Sie\u00a0<a title=\"Buchen Sie hier Ihre Druckdatenerstellung.\" href=\"https:\/\/citmax.de\/?product_cat=druckdaten-pruefen-und-erzeugen\" target=\"_blank\">hier<\/a>\u00a0buchen.<\/p>\n<p><a title=\"Hier k\u00f6nnen Sie passende Folienkleber gleich mit bestellen.\" href=\"https:\/\/citmax.de\/?product_cat=folienplakate-aufkleber-selbstklebend\" target=\"_blank\">4c gedruckte\u00a0Folienkleber bitte gleich hier mit bestellen.<\/a><\/p>\n","protected":false},"excerpt":{"rendered":"<p>Tr\u00e4gertafel f\u00fcr die Beschriftungsaufnahme, blanko oder mit Folienplott bis 50 Buchstaben nach Wahl,<br \/>\nzusgeschnitten auf Format.\u00a0<a title=\"Hier k\u00f6nnen Sie passende Folienkleber gleich mit bestellen.\" href=\"https:\/\/citmax.de\/?product_cat=folienplakate-aufkleber-selbstklebend\" target=\"_blank\">4c gedruckte\u00a0Folienkleber bitte gleich hier mit bestellen.<\/a><\/p>\n<p><strong>W\u00e4hlen Sie: schwarzes Auswahlfeld anklicken,<\/strong><br \/>\n<strong>Auswahl nach und nach in den Warenkorb packen.<\/strong><\/p>\n","protected":false},"featured_media":21680,"comment_status":"open","ping_status":"closed","template":"","meta":{"_links_to":"","_links_to_target":""},"product_cat":[200,522,493],"product_tag":[],"class_list":{"0":"post-12549","1":"product","2":"type-product","3":"status-publish","4":"has-post-thumbnail","6":"product_cat-citmax-plakate-poster-kleinschilder-aufkleber","7":"product_cat-traegertafeln-bis-1-qm","8":"product_cat-traegerplatte-234-mm-aluverbund","9":"pa_traegertafel-alle-einzeltafelzuschnitt-je","10":"pa_traegertafel-alle-ab-2-stck-anzahlauswahl-eingeben-je","11":"pa_traegertafel-alle-ab-5-stck-anzahlauswahl-eingeben-je","12":"pa_traegertafel-alle-ab-10-stck-anzahlauswahl-eingeben-je","13":"pa_traegertafel-alle-ab-20-stck-anzahlauswahl-eingeben-je","14":"pa_traegertafel-alle-aufpreis-wenn-1-seitig-mit-wetterfester-4c-digitaldruckfolie-beschriftet-je","15":"pa_traegertafel-alle-aufpreis-2-seite-rueckseite-mit-4c-digitaldruckfolie-beschriftet","16":"pa_traegertafel-alle-aufpreis-beschriftung-als-folienplott-bis-50-buchstaben-je-schild","17":"pa_traegertafel-alle-aufpreis-wenn-folienplott-beschriftung-2-fbg-je-schild-je-weitere-farbe","18":"pa_traegertafel-alle-aufpreis-wenn-schild-mit-transp-schutzfolie-kaschiert-je","19":"pa_traegertafel-alle-4-lochbohrungen-d-5mm-an-alle-4-ecken-je-schild","20":"pa_traegertafel-alle-lochbohrung-1-3mm-pro-loch-pro-schild","21":"pa_traegertafel-alle-lochbohrung-4-7-mm-pro-loch-pro-schild","22":"pa_traegertafel-alle-lochbohrung-6-12-mm-pro-loch-pro-schild","23":"pa_traegertafel-alle-verpacken-versenden-bis-5-stck-ges-bis-5-kg-je-sendung","24":"pa_traegertafel-alle-verpacken-versenden-6-bis-10-stck-ges-bis-20-kg-je-sendung","25":"pa_traegertafel-alle-verpacken-versenden-11-bis-50-stck-ges-bis-100-kg-je-sendung","27":"first","28":"instock","29":"taxable","30":"shipping-taxable","31":"purchasable","32":"product-type-variable","33":"has-default-attributes","34":"has-featured-image","35":"portrait"},"_links":{"self":[{"href":"https:\/\/citmax.de\/index.php?rest_route=\/wp\/v2\/product\/12549","targetHints":{"allow":["GET"]}}],"collection":[{"href":"https:\/\/citmax.de\/index.php?rest_route=\/wp\/v2\/product"}],"about":[{"href":"https:\/\/citmax.de\/index.php?rest_route=\/wp\/v2\/types\/product"}],"replies":[{"embeddable":true,"href":"https:\/\/citmax.de\/index.php?rest_route=%2Fwp%2Fv2%2Fcomments&post=12549"}],"wp:featuredmedia":[{"embeddable":true,"href":"https:\/\/citmax.de\/index.php?rest_route=\/wp\/v2\/media\/21680"}],"wp:attachment":[{"href":"https:\/\/citmax.de\/index.php?rest_route=%2Fwp%2Fv2%2Fmedia&parent=12549"}],"wp:term":[{"taxonomy":"product_cat","embeddable":true,"href":"https:\/\/citmax.de\/index.php?rest_route=%2Fwp%2Fv2%2Fproduct_cat&post=12549"},{"taxonomy":"product_tag","embeddable":true,"href":"https:\/\/citmax.de\/index.php?rest_route=%2Fwp%2Fv2%2Fproduct_tag&post=12549"}],"curies":[{"name":"wp","href":"https:\/\/api.w.org\/{rel}","templated":true}]}}