{"id":13415,"date":"2014-07-26T20:04:44","date_gmt":"2014-07-26T18:04:44","guid":{"rendered":"http:\/\/citmax.de\/?product=kfz-beschriftung-klasse4-pkw-28-to-vw-bus-van-gross-kleintransp"},"modified":"2019-10-16T16:25:30","modified_gmt":"2019-10-16T14:25:30","slug":"kfz-beschriftung-klasse4-pkw-28-to-vw-bus-van-gross-kleintransp","status":"publish","type":"product","link":"https:\/\/citmax.de\/?product=kfz-beschriftung-klasse4-pkw-28-to-vw-bus-van-gross-kleintransp","title":{"rendered":"KFZ-Beschriftung Klasse4, PKW 2,8 to. VW Bus, Van gro\u00df, Kleintransp."},"content":{"rendered":"<p>Fahrzeugbeschriftungen k\u00f6nnen wir von einfach und preiswert bis exclusiv und unverwechselbar herstellen. Sie bestimmen den Umfang, wir liefern Ihre Wunschbeschriftung, bundesweit!<br \/>\nCitmax teilt die Fahrzeug-Beschriftungen in 12 Klassen ein, von klein nach gro\u00df.<br \/>\nW\u00e4hlen Sie einfach Ihre Fahrzeugklasse und Ihre Beschriftungsauswahl.<br \/>\nDie Folienbeschriftungen werden grunds\u00e4tzlich aus farbstabilen, wetterfesten Klebefolien hergestellt. Die Folien sind UV-best\u00e4ndig sowie waschstrassenfest und bei fachgerechter Verklebung viele Jahre haltbar!<br \/>\nM\u00f6glich sind geplotterte Folien oder gedruckte Folien, die Sie sich selber nach Umfang und Art zusammenstellen k\u00f6nnen.<br \/>\nSollten Sie klare Vorstellungen haben und zugleich uns konkrete \u00a0Produktionsdaten zumailen k\u00f6nnen, w\u00e4hlen Sie einfach die gew\u00fcnschten Beschriftungsmodule f\u00fcr den Warenkorb aus, und senden und eine sep. Datei per mail mit Ihren Produktionsdaten.<br \/>\nSollten Sie keine Beschriftungs- und Produktionsideen haben, projektieren wir Ihren Fahrzeugbeschriftungswunsch mit einem <strong>Erstentwurf,<\/strong> den wir Ihnen nach Ihrer \u00dcbermittlung Ihrer Beschriftungsw\u00fcnsche layouten und per mail Ihnen zusenden.<br \/>\nDieser Erstentwurf gilt dann als Gespr\u00e4chsgrundlage zu Abstimmungszwecken bezgl. Umfang und Detailarbeit der zu beschriftenden Fahrzeugfl\u00e4chen und der auszuw\u00e4hlenden Beschriftungsmodule.<br \/>\nNach der Erstabstimmung bekommen Sie dann optional einen weiteren Entwurf bis zum finalen Fertigentwurf f\u00fcr die sp\u00e4tere auszuf\u00fchrende Arbeit und technische Herstellung der Beschriftung.<br \/>\nDie angegeben Preise dienen als \u00dcbersicht und zur Absch\u00e4tzung des zu erwartenden Umfanges, je nach Ihrem Beschriftungswunsch.<br \/>\nDie genannten Preise sind die technischen Produktionskosten f\u00fcr die Buchstaben-\/Text-\/Farb- und Druck- Folienherstellung bis zur Versandfertigstellung. Sie k\u00f6nnen w\u00e4hlen ob wir verkleben sollen oder ob Sie selber verkleben m\u00f6chten, dann senden wir Ihnen Ihre Beschriftungsfolien zu, oder wir kommen optional zu Ihnen und beschriften Ihr Fahrzeug vor Ort.<\/p>\n<p>Dazu muss das Fahrzeug lediglich gewaschen bereit stehen. Vor Anreise stimmen wir uns per mail und\/oder telefonisch mit Ihnen ab, zu welchen Termin Sie die Beschriftung w\u00fcnschen.<\/p>\n","protected":false},"excerpt":{"rendered":"<p>Beschriftungsmodule nach Auswahl f\u00fcr Ihre KFZ-Beschriftung, je Fahrzeug<br \/>\n<strong>W\u00e4hlen Sie: schwarzes Auswahlfeld anklicken,<\/strong><br \/>\n<strong>Auswahl nach und nach in den Warenkorb packen.<\/strong><\/p>\n","protected":false},"featured_media":0,"comment_status":"closed","ping_status":"closed","template":"","meta":{"_links_to":"","_links_to_target":""},"product_cat":[594],"product_tag":[],"class_list":{"0":"post-13415","1":"product","2":"type-product","3":"status-publish","5":"product_cat-citmax-fahrzeugbeschriftungen-pkw-van-bus-llkw-lkw-beschriftungen","6":"pa_fahrzeugbeschriftungen-erstentwurf-fuer-fahrzeugbeschriftung-wenn-kein-kundenlayout","7":"pa_fahrzeugbeschriftungen-jeder-weitere-fahrzeugentwurf-per-mail-als-pdf","8":"pa_fahrzeugbeschriftungen-logo-digitalisieren-wenn-keine-vektordaten-vom-kunden","9":"pa_fahrzeugbeschriftungen-nur-tueren-geplottet","10":"pa_fahrzeugbeschriftungen-fahrzeug-seitenbeschriftung-mit-plotttext","11":"pa_fahrzeugbeschriftungen-motorhaubenbeschriftung-mit-logo-1-fbg-plotttext","12":"pa_fahrzeugbeschriftungen-heckscheibenbeschriftung-bis-5-zeilen","13":"pa_fahrzeugbeschriftungen-komplettpreis-all-in-rings-um-einfacher-beschriftungsaufwand","14":"pa_fahrzeugbeschriftungen-komplettpreis-all-in-rings-um-mittlerer-beschriftungsaufwand","15":"pa_fahrzeugbeschriftungen-komplettpreis-all-in-rings-um-vieles-4c-farbig","16":"pa_fahrzeugbeschriftungen-vollverklebung-ringsum","17":"pa_fahrzeugbeschriftungen-anfahrt-pauschal","18":"pa_fahrzeugbeschriftungen-aufpreis-beschriftung-pauschal","19":"pa_fahrzeugbeschriftungen-aufpreis-je-4c-druck-bis-a3-30x40cm","20":"pa_fahrzeugbeschriftungen-aufpreis-je-4c-druck-bis-a2-bis-ca-42x60cm","21":"pa_fahrzeugbeschriftungen-aufpreis-je-4c-druck-bis-a1-bis-ca-60x84cm","22":"pa_fahrzeugbeschriftungen-versand-folien-fuer-selbstverklebung-bis-20-kg-je","24":"first","25":"instock","26":"taxable","27":"shipping-taxable","28":"purchasable","29":"product-type-variable","30":"has-default-attributes","31":"no-featured-image"},"_links":{"self":[{"href":"https:\/\/citmax.de\/index.php?rest_route=\/wp\/v2\/product\/13415","targetHints":{"allow":["GET"]}}],"collection":[{"href":"https:\/\/citmax.de\/index.php?rest_route=\/wp\/v2\/product"}],"about":[{"href":"https:\/\/citmax.de\/index.php?rest_route=\/wp\/v2\/types\/product"}],"replies":[{"embeddable":true,"href":"https:\/\/citmax.de\/index.php?rest_route=%2Fwp%2Fv2%2Fcomments&post=13415"}],"wp:attachment":[{"href":"https:\/\/citmax.de\/index.php?rest_route=%2Fwp%2Fv2%2Fmedia&parent=13415"}],"wp:term":[{"taxonomy":"product_cat","embeddable":true,"href":"https:\/\/citmax.de\/index.php?rest_route=%2Fwp%2Fv2%2Fproduct_cat&post=13415"},{"taxonomy":"product_tag","embeddable":true,"href":"https:\/\/citmax.de\/index.php?rest_route=%2Fwp%2Fv2%2Fproduct_tag&post=13415"}],"curies":[{"name":"wp","href":"https:\/\/api.w.org\/{rel}","templated":true}]}}