{"id":23914,"date":"2019-10-02T13:49:26","date_gmt":"2019-10-02T11:49:26","guid":{"rendered":"http:\/\/citmax.de\/?product=v-4c-led-monitor-citled247-19x13-module-b608-x-h416cm"},"modified":"2019-10-02T13:59:39","modified_gmt":"2019-10-02T11:59:39","slug":"v-4c-led-monitor-citled247-19x13-module-b608-x-h416cm","status":"publish","type":"product","link":"https:\/\/citmax.de\/?product=v-4c-led-monitor-citled247-19x13-module-b608-x-h416cm","title":{"rendered":"W) 4c-LED-Monitor CitLED247, 19&#215;13 Module B608 x H416cm"},"content":{"rendered":"<p>Hier 10 wichtige Infos zu unseren CitLED-Modulen.<br \/>\n<strong>1) Die LED Module von Citmax haben sich millionenfach bew\u00e4hrt<br \/>\n<\/strong>und werden nicht nur in Asien und den USA, sondern bei nahe zu<br \/>\nallen f\u00fchrenden Werbeanlagenherstellern weltweit verbaut.<br \/>\nBitte bedenken Sie, das die CitLED-Basismodule schon seit Jahrzehnten,<br \/>\nin allen Metropolen der Welt, zu den meist verbauten LED-Panells geh\u00f6ren.<br \/>\nSie k\u00f6nnen also davon ausgehen, das Sie ein ausgereiftes Produkt bekommen!<\/p>\n<p><strong>2) Die Ersatzteilversorgung ist hervorragend,<\/strong> denn f\u00fcr CitLED sind die<br \/>\nErsatzmodule auch noch nach vielen Jahren erh\u00e4ltlich. Sie erhalten bei jeder<br \/>\nLieferung automatisch Ersatzmodule beigelegt, so das Sie mit der sp\u00e4teren<br \/>\nVersorgung v\u00f6llig autark sind.<br \/>\nCitmax ist der einzigste Anbieter bundesweit, der Ihnen so immer und sofort<br \/>\nZugriff auf alle relavanten Bauteile erm\u00f6glicht.<\/p>\n<p><strong>3) CitLED-Anlagen sind immer gepr\u00fcft, <\/strong>abgenommen<br \/>\nund werden nur funktionsbereit an Sie \u00fcbergeben. Sie bestimmen ob Sie die<br \/>\nInbetriebnahme bei Eigeninstallation mit eigenem know how durchf\u00fchren oder<br \/>\nwir Sie von der Projektierung, Lieferung bis zur Inbetriebnahme und Schulung<br \/>\nder Anlage mit Einweisung in die Software betreuen. Die Anwendung und<br \/>\nSteuerung der Anlage ist sehr einfach, \u00fcber Windows mit Men\u00fc gef\u00fchrter<br \/>\nOberfl\u00e4che, die auf dem sep. beiliegenden PC-System installiert ist.<strong><br \/>\n<\/strong><strong><br \/>\n4) Sie k\u00f6nnen CitLED selber konfektionieren<\/strong>, die Modulerahmen im<br \/>\nInnenbereich selber montieren und anschliessen, sofern Sie Werbetechniker<br \/>\noder Fachbetrieb sind und \u00fcber ausreichendes know how verf\u00fcgen.<br \/>\nSie entscheiden schon bei Bestellung, in wie weit Ihr Citmax-Team Sie<br \/>\nunterst\u00fctzt.<br \/>\n<strong><br \/>\n5) Auf Wunsch erhalten Sie die CitLED-Anlagen f\u00fcr den Aussenbereich<br \/>\n<\/strong>f\u00fcr Wand- oder Mastmontage komplett <strong>mit Montageunterkonstruktion<br \/>\n<\/strong>als fertige Systeml\u00f6sung von Citmax, so das diese nur noch vor Ort<br \/>\nmontiert werden muss. Sie entscheiden ob Sie montieren oder<br \/>\nCitmax f\u00fcr Sie montiert.<br \/>\n<strong><br \/>\n6) Sie erhalten nach Auswahl CitLED-Anlagen mit sep. PC<\/strong>,<br \/>\nincl. Betriebssystem, Monitor, Maus, Tastatur und eingespielter Steuerungs-<br \/>\nSoftware, als autarke L\u00f6sung, mit sep. Controller f\u00fcr die 4c-Bildsteuerung.<br \/>\n<strong><br \/>\n7) Optional k\u00f6nnen Sie das CitWebCAM-System<\/strong> (f\u00fcr den Aussenwerbebereich<br \/>\ninteressant) mitbestellen. Es handelt sich um eine separate vor der Bildfl\u00e4che<br \/>\naufgebaute webCam, so das Sie sofort \u00fcberpr\u00fcfen k\u00f6nnen, welche Einstellung Sie<br \/>\nam PC vornehmen und welches finale Bild auf dem Bildschirm in Echtzeit<br \/>\nproduziert wird.<br \/>\nSie sparen sich so das Nachkontrollieren der Einstellungen, da Sie sofort das<br \/>\nLive-Bild verfolgen k\u00f6nnen. Sie sehen stets das org. Bild der 4cLED-Wand via<br \/>\nCitWebCAM auf Ihrem PC.<br \/>\nDie CitWebCAM kann auch per App auf Ihr Handy oder Tablett eingerichtet werden,<br \/>\nso das Sie autark verfolgen k\u00f6nnen, was live auf der CitLED Wand<br \/>\nf\u00fcr Werbeclips abgespielt werden.<\/p>\n<p><strong>8) Sie w\u00e4hlen Ihre CitLED-Anlagengr\u00f6\u00dfe immer in 32cm Formatschritten<\/strong> aus,<br \/>\nda jedes Modul 32 x 32cm gro\u00df ist.<br \/>\nDas bedeutet, die finale Anlagengr\u00f6\u00dfe muss immer glatt durch 32 teilbar sein,<br \/>\n(z.B. 160 x 96 cm sind 5&#215;3 Module), weil die LED-Module im Standard 32x32cm<br \/>\ngro\u00df sind. Selbstverst\u00e4ndlich sind auch andere LED-Module verf\u00fcg- und<br \/>\nkonfektionierbar, jedoch bietet Ihnen so Citmax den besten Preis<br \/>\nf\u00fcr Standard-Systemgr\u00f6\u00dfen an.<\/p>\n<p><strong>9) Die LED-Anlagen-Projektierung<\/strong> k\u00f6nnen Sie selber gemeinsam mit Ihrem<br \/>\nKunden durchf\u00fchren. Sollten Sie die Anlage f\u00fcr sich selber planen, beachten<br \/>\nSie bitte die wesentlichen Punkte:<br \/>\nAuswahl der Gr\u00f6\u00dfe, Betrachtungsabstand, Pixelanzahl (Basispixel 6.6),<br \/>\nPlanung Aufma\u00df Montagerahmen, Statik, Montagerahmenfertigung,<br \/>\nZuluft\/Abluft\/K\u00fchlung der Anlage, zugelassene Befestigungsmittel sowie<br \/>\ndie Zuleitung f\u00fcr Strom, Netzwerk (Cat7 Kabel) und Standort<br \/>\nPC\/Controller sollten sinnvoll ausgew\u00e4hlt werden, damit die Anlage sicher<br \/>\nbetrieben werden kann.<br \/>\nSollten Sie die Projektierung nicht selber zuverl\u00e4ssig und ganzheitlich durchf\u00fchren<br \/>\nk\u00f6nnen, empfehlen wir, das Sie die Citmax-LED-Projektierung dazu buchen.<\/p>\n<p><strong>10) Die Pixelanzahl und Aufl\u00f6sung der LED-Anlage<\/strong> ist vom<br \/>\nBetrachtungsabstand und der gew\u00fcnschten LED-Auswahl abh\u00e4ngig.<br \/>\nJe feiner die Aufl\u00f6sung desto mehr Mini-LEDs werden auf der Fl\u00e4che<br \/>\nper inch verbaut. Dies k\u00f6nnen Sie bei der Projektierung ber\u00fccksichtigen.<br \/>\nIm Citmax 4C-LED-Shop sind Module mit P6.6 zugrund gelegt, da dies das<br \/>\ng\u00e4ngigste Modul ist und Sie hiermit gut zurecht kommen, sofern der<br \/>\nBetrachtungsabstand \u00fcber 10 m liegt, wovon man bei Wandanlagen im<br \/>\nAussenbereich und Mastanlagen ausgehen kann.<\/p>\n","protected":false},"excerpt":{"rendered":"<p><strong>Wand-Monitor (W1) f\u00fcr den Innen- und Aussenbereich<\/strong><br \/>\nZur Eigenmontage, Abholung ab Hannover\/Garbsen<br \/>\nstecker- und anschlussfertig, ohne W2 bis W15<br \/>\noder<br \/>\n<strong>zzgl. Wand-Projektierung\/Ausf\u00fchrung<br \/>\n<\/strong>Pos. W2 bis W15 nach Auswahl.<br \/>\n<span style=\"color: #ff0000;\"><strong>So stellen Sie sich Ihr Angebot zusammen:<\/strong><\/span><br \/>\nSchwarzen Balken mit &#8222;Ausf\u00fchrung w\u00e4hlen&#8230;&#8220; anklicken,<br \/>\n<span style=\"color: #ff0000;\"><strong>Auswahl nach und nach in den Warenkorb packen.<\/strong><\/span><br \/>\nW\u00e4hlen Sie Pos. W1 bis W15 aus, nach und nach<br \/>\nstellen Sie sich Ihr Angebot im Warenkorb zusammen.<br \/>\n<span style=\"color: #ff0000;\"><strong>Warenkorb \u00f6ffnen und mit Browser ausdrucken.<\/strong><\/span><br \/>\n<span style=\"color: #008000;\"><strong>Sie k\u00f6nnen jedes Format \/ Preis hier kalkulieren!<\/strong><\/span><br \/>\n<span style=\"text-decoration: underline;\">Sie fragen bei uns an oder bestellen \u00fcber den Warenkorb<\/span><br \/>\n\u2013 Sie kaufen auf Rechnung gegen Vorkasse erst nach<br \/>\nseparater Rechnung\/Best\u00e4tigung. Bestellen Sie ohne Risiko!<\/p>\n","protected":false},"featured_media":23930,"comment_status":"closed","ping_status":"closed","template":"","meta":{"_links_to":"","_links_to_target":""},"product_cat":[1595],"product_tag":[],"class_list":{"0":"post-23914","1":"product","2":"type-product","3":"status-publish","4":"has-post-thumbnail","6":"product_cat-4c-led-monitor-kauf","7":"pa_led-monitor-wandmontage-w1-anlagenpreis-netto-verzollt-abholung-in-hannover","8":"pa_led-monitor-wandmontage-w2-projektierung-layoutplanungberatung-ohne-anfahrt","9":"pa_led-monitor-wandmontage-w3-anlage-ohne-montage-inkl-montagerahmen-verzinkt-grundiertlackiert-inkl-projektierung","10":"pa_led-monitor-wandmontage-w4-anlieferung-lkw-2-mann-je-km-290e","11":"pa_led-monitor-wandmontage-w5-anlage-inkl-montage-bis-uk-h400cm-an-fassade-inkl-montagerahmen-inkl-projektierung","12":"pa_led-monitor-wandmontage-w6-anlage-inkl-montage-bis-uk-h800cm-an-fassade-inkl-montagerahmen-inkl-projektierung","13":"pa_led-monitor-wandmontage-w7-elt-anschluss-system-edv-install-an-bauseitige-vor-ort-gestellte-zuleitung-29000e","14":"pa_led-monitor-wandmontage-w8-projektierung-fuer-ihr-objektdiese-anlage-1x-besuch-mit-sep-anfahrt-bis-200km-65000e","15":"pa_led-monitor-wandmontage-w9-je-mehr-km-hinzurueck-je-km-140e","16":"pa_led-monitor-wandmontage-w10-je-weitere-entwurf-beratungsstundeprojektleitung-9000e","17":"pa_led-monitor-wandmontage-w11-statik-fuer-wandmontage-45000e","18":"pa_led-monitor-wandmontage-w12-bauantragstellung-nach-projektierung-ohne-statik","19":"pa_led-monitor-wandmontage-w13-installationspaket-pc-systeme-software-controller-kabel-99000e","20":"pa_led-monitor-wandmontage-w14-cam-paket-viewcontroll-livecheck-1xcam-rec-1-88000e-2","21":"pa_led-monitor-wandmontage-w15-weitere-preise-siehe-artikel-projektierung-je-2000e","23":"first","24":"instock","25":"taxable","26":"shipping-taxable","27":"purchasable","28":"product-type-variable","29":"has-featured-image","30":"square"},"_links":{"self":[{"href":"https:\/\/citmax.de\/index.php?rest_route=\/wp\/v2\/product\/23914","targetHints":{"allow":["GET"]}}],"collection":[{"href":"https:\/\/citmax.de\/index.php?rest_route=\/wp\/v2\/product"}],"about":[{"href":"https:\/\/citmax.de\/index.php?rest_route=\/wp\/v2\/types\/product"}],"replies":[{"embeddable":true,"href":"https:\/\/citmax.de\/index.php?rest_route=%2Fwp%2Fv2%2Fcomments&post=23914"}],"wp:featuredmedia":[{"embeddable":true,"href":"https:\/\/citmax.de\/index.php?rest_route=\/wp\/v2\/media\/23930"}],"wp:attachment":[{"href":"https:\/\/citmax.de\/index.php?rest_route=%2Fwp%2Fv2%2Fmedia&parent=23914"}],"wp:term":[{"taxonomy":"product_cat","embeddable":true,"href":"https:\/\/citmax.de\/index.php?rest_route=%2Fwp%2Fv2%2Fproduct_cat&post=23914"},{"taxonomy":"product_tag","embeddable":true,"href":"https:\/\/citmax.de\/index.php?rest_route=%2Fwp%2Fv2%2Fproduct_tag&post=23914"}],"curies":[{"name":"wp","href":"https:\/\/api.w.org\/{rel}","templated":true}]}}